.
8834913
Convert 121200121011 (base 3) to base 6.
11012434
Convert -436d3 (base 16) to base 11.
-179552
What is -46bb1b8 (base 12) in base 13?
-2ab1839
-37b00a (base 12) to base 9
-1637171
What is -16051045 (base 7) in base 3?
-2220022222101
Convert 3261451 (base 7) to base 6.
12334554
Convert -3437214 (base 8) to base 6.
-32001500
2ba53b (base 12) to base 11
468919
Convert -154a752 (base 12) to base 10.
-4331438
Convert 7554402 (base 9) to base 8.
17350663
Convert -de808 (base 15) to base 3.
-1022221001222
Convert 20772a7 (base 12) to base 5.
3032122011
What is -1151123 (base 7) in base 9?
-243418
101011101112 (base 3) to base 6
4142022
What is -116211 (base 7) in base 5?
-1140442
106a20 (base 11) to base 16
2991d
3bb3666 (base 12) to base 8
55403356
9864433 (base 10) to base 12
3378701
What is -100001010101100101000 (base 2) in base 10?
-1092392
2da80 (base 15) to base 14
3ba75
What is 515 (base 11) in base 6?
2513
-100011001100101100111001 (base 2) to base 5
-4330231230
Convert -11000000110001010110 (base 2) to base 16.
-c0c56
What is -485884 (base 11) in base 14?
-16039d
Convert 531910 (base 10) to base 14.
dbbb8
212212121020 (base 3) to base 15
94379
12212210 (base 4) to base 7
141563
What is -2241340 (base 5) in base 13?
-153cb
What is -4435045 (base 6) in base 5?
-24111400
What is 1061aa7 (base 15) in base 2?
101100101000011110111101
111100002011 (base 3) to base 5
31344443
What is -1ab77 (base 14) in base 6?
-1243205
Convert 1463564 (base 10) to base 2.
101100101010100001100
5505303 (base 7) to base 5
133033040
What is 1101001002212 (base 3) in base 8?
2617765
30131133033 (base 4) to base 6
154002423
Convert 2040044 (base 6) to base 4.
120003130
Convert 634164 (base 9) to base 11.
2382a7
Convert 4133040 (base 5) to base 11.
47013
-6a265 (base 11) to base 3
-12011012010
-366230 (base 7) to base 10
-67004
-4be2 (base 16) to base 6
-225534
What is -6182 (base 16) in base 13?
-b492
Convert 1262047 (base 8) to base 16.
56427
Convert -5c0c4d (base 14) to base 4.
-30001222111
What is 1279f3 (base 16) in base 6?
41541511
-1422994 (base 11) to base 9
-4542231
What is 22002111220100 (base 3) in base 11?
2478476
46417 (base 11) to base 14
1a616
What is 200110212020 (base 3) in base 13?
c96b7
Convert -344044 (base 5) to base 6.
-133223
What is -aa337 (base 12) in base 13?
-7b607
Convert -122102102002 (base 4) to base 9.
-13862141
What is 21a5a17 (base 11) in base 13?
a51321
Convert 23a563 (base 15) to base 9.
3178563
Convert -4213123 (base 6) to base 10.
-204171
Convert a7d7c6 (base 14) to base 3.
101200210111020
Convert -44200050 (base 6) to base 5.
-314300300
Convert 257310 (base 8) to base 9.
146157
26512 (base 16) to base 2
100110010100010010
-1122614 (base 7) to base 14
-3917b
69c12 (base 13) to base 16
2f29e
1040124323 (base 5) to base 10
2270588
-52aa7 (base 11) to base 2
-10010110110001010
Convert -21202102102121 (base 3) to base 13.
-b14300
269920 (base 11) to base 7
3411230
Convert 212334000 (base 6) to base 14.
6dc676
What is -1617cc (base 14) in base 8?
-2745010
101010100011101101 (base 2) to base 6
3423005
1404001 (base 6) to base 4
103030201
-ccc38 (base 13) to base 11
-233959
What is -976030 (base 13) in base 7?
-42133543
11002201012 (base 3) to base 6
1421352
267755 (base 8) to base 11
64847
d3f440 (base 16) to base 11
7928260
What is 7ac0b (base 13) in base 12?
a9714
What is -919433 (base 13) in base 9?
-6337132
What is 1eb8d6 (base 15) in base 13?
40a085
Convert -2022221211211 (base 3) to base 9.
-2287754
-304031 (base 5) to base 12
-5883
What is 1001101000001101010 (base 2) in base 12?
1326b6
What is -403420302 (base 5) in base 8?
-6142242
What is 44b265 (base 16) in base 14?
8529db
-4258150 (base 9) to base 12
-920b69
-21561412 (base 7) to base 16
-1c702c
-34659ba (base 13) to base 11
-91304a7
10646854 (base 10) to base 3
202000220201221
What is 4652c3 (base 13) in base 14?
315c44
What is 12a49 (base 13) in base 11?
24091
Convert 10011121202122 (base 3) to base 7.
20216225
Convert d0f0b (base 16) to base 13.
23c703
22000322130 (base 4) to base 6
132133340
11c7c0 (base 16) to base 2
100011100011111000000
Convert 131304313 (base 5) to base 9.
1201380
What is 1f172 (base 16) in base 3?
20110200112
What is 1001000000010110 (base 2) in base 5?
2140021
What is -320973 (base 10) in base 2?
-1001110010111001101
What is 32032333 (base 6) in base 3?
1202122002210
What is -727a39 (base 12) in base 16?
-1b6b0d
What is 53a773 (base 11) in base 3?
1121212101100
Convert -392351 (base 10) to base 13.
-10977b
-351754 (base 9) to base 2
-110011100101100001
What is 1540820 (base 9) in base 12?
351b90
Convert -35420003 (base 6) to base 16.
-10e363
Convert 58034 (base 9) to base 13.
147a6
Convert -101011210122 (base 3) to base 10.
-200330
-aa9b2 (base 14) to base 11
-262758
What is 3018418 (base 9) in base 7?
16442204
What is 7473 (base 12) in base 7?
52125
Convert 1304555 (base 6) to base 10.
71063
Convert -54556 (base 11) to base 5.
-10013240
90496 (base 15) to base 11
292111
Convert 201c4 (base 14) to base 11.
53002
What is 184ab (base 14) in base 4?
32331313
What is -14628 (base 16) in base 4?
-110120220
596728 (base 10) to base 11
378370
Convert 86532 (base 10) to base 12.
420b0
Convert -1668367 (base 12) to base 2.
-10001100111010111111111
a66d2 (base 16) to base 14
13a5d8
Convert -38562 (base 9) to base 16.
-6578
What is -2337607 (base 9) in base 10?
-1265308
Convert 5202450 (base 6) to base 8.
747136
Convert -307105 (base 8) to base 7.
-603152
Convert 8a680 (base 16) to base 15.
b2e92
10421231 (base 6) to base 4
1030221103
8354170 (base 9) to base 6
235405100
What is -541244 (base 7) in base 8?
-267640
104120 (base 12) to base 3
111000001020
What is 303000140 (base 5) in base 4?
10221203223
What is 100000010110010001 (base 2) in base 9?
221668
Convert -610163 (base 7) to base 15.
-20942
What is -2476411 (base 8) in base 9?
-1256803
What is -47326361 (base 8) in base 5?
-10121132200
What is -2741b3 (base 14) in base 16?
-14b071
What is -2203241414 (base 5) in base 3?
-22220222122222
Convert -3014322240 (base 5) to base 11.
-3436126
-611017 (base 8) to base 10
-201231
Convert 282273 (base 9) to base 13.
60549
11132461 (base 9) to base 4
110211020203
What is -1123310 (base 5) in base 6?
-234411
What is -1446033 (base 9) in base 2?
-11000010111001001101
268b4 (base 12) to base 14
1550c
230033320 (base 6) to base 4
100002102300
de5906 (base 15) to base 14
159cb35
Convert -463155 (base 8) to base 6.
-3212113
Convert -29e1e7 (base 16) to base 13.
-751460
What is -7a7017 (base 16) in base 9?
-16078872
What is -1c0a82 (base 14) in base 13?
-290757
What is 114210343 (base 5) in base 7?
4401110
What is -706002 (base 13) in base 11?
-152467a
-112222011010 (base 3) to base 11
-1913a3
-10222201010020 (base 3) to base 14
-3d285d
What is -1a5a13 (base 11) in base 10?
-315340
Convert -1601977 (base 11) to base 2.
-1010011101000010010011
What is -120200220201 (base 3) in base 6?
-10342414
Convert 15256323 (base 7) to base 11.
907706
What is 101131 (base 4) in base 12?
791
Convert -12221211002 (base 3) to base 13.
-41492
Convert -186031 (base 12) to base 8.
-1476245
1a3c26 (base 13) to base 7
5441251
-102120123 (base 5) to base 14
-b14d2
-14158a (base 11) to base 4
-312013101
Convert 223443 (base 9) to base 12.
654b6
What is e47333 (base 15) in base 7?
161202156
Convert 101101101001011011110011 (base 2) to base 8.
55513363
1100153 (base 9) to base 10
590619
What is 328a62 (base 11) in base 4?
2000001021
What is -5074302 (base 8) in base 11?
-836a98
2182321 (base 12) to base 2
11000011000001101001001
1361456 (base 10) to base 15
1bd5db
What is -362367 (base 8) in base 3?
-20022022012
What is -aab89a (base 13) in base 7?
-46130215
What is -5105644 (base 7) in base 11?
-385133
b0a89 (base 15) to base 12
22b786
What is -5436248 (base 9) in base 16?
-2c8520
Convert -4527226 (base 9) to base 2.
-1001010011100011111100
20110132 (base 6) to base 3
1001220112002
Convert a153c1 (base 15) to base 6.
432120414
What is -4251151 (base 7) in base 16?
-7e223
What is 1522237 (base 8) in base 2?
1101010010010011111
What is -1629233 (base 10) in base 4?
-12031300301
What is 10ac2d (base 16) in base 10?
1092653
What is -111000101101110101 (base 2) in base 10?
-232309
What 